6 + -5.
7
What is the value of 2 - (-4 + 7) - 3?
-4
2 - (3 + 6 + -5)
-2
What is 4 + (-1 - -2 - (4 - 4))?
5
What is -4 + (4 - 4) + 5?
1
0 + (2 - (-2 + 2 + 0))
2
What is the value of 1 + -2 - (5 + -10)?
4
What is 1 + -2 + (12 - 11) + -6?
-6
1 - ((4 - -6) + -3)
-6
What is 0 + 14 + -9 + -1?
4
What is -9 - -6 - (-3 - (1 - -4))?
5
Evaluate -2 - (-4 - (12 + -9)).
5
What is -2 - (5 + (1 + -6 - 3))?
1
-758 + 756 + (1 - 1) + -1
-3
Evaluate -2 - ((-3 - 3) + 1 + 4).
-1
Calculate -4 + -5 - (14 + -7 - 12).
-4
4 + -5 + (-1 - -2 - -1)
1
What is 10 - (11 + -2 - 2)?
3
-5 - 0 - (-4 + (1 - -1))
-3
What is the value of 6 + (-25 - -12) - (-2 - -3)?
-8
What is (-207 - -201) + (0 - 2)?
-8
What is the value of -26 + 39 + -14 + 4?
3
-3 - -7 - -1 - 7
-2
Calculate -2 + -4 + 7 + -3 + -6.
-8
(8 - 1) + 15 + -2 + -16
4
Evaluate 3 + 4 + 7 + -5 + -15.
-6
What is the value of -11 + (9 - -1) + -6?
-7
Evaluate (-2 - -1) + 2 + (7 - 11).
-3
What is 10 - 2 - 4 - 9?
-5
Calculate -4 + -2 - (5 - -1 - 18).
6
Evaluate -4 + (3 - 1) - -1.
-1
-86 - -97 - (-1 + 6)
6
What is 8 - (-2 + 3 + 4)?
3
Calculate (-2 - 2 - -1) + (2 - 3).
-4
Calculate 159 + -163 - (1 - 15).
10
Calculate -2 + (-6 - -2) - -2.
-4
2 + -6 - (5 - 11)
2
Calculate 7 - (4 - (2 - (4 + -1))).
2
What is the value of (0 - 9 - (-19 + 15)) + 3?
-2
-6 + 11 + -2 + 1
4
What is (82 - 87) + (1 - (1 + 0))?
-5
Calculate 2 - (8 + -2 + -9).
5
Evaluate (8 - 1) + -25 + 15.
-3
Calculate -6 + (3 - (3 + -5)).
-1
(-2 - -2) + (3 - (-2 - -5))
0
What is -1 + 3 + -2 - (0 + 1)?
-1
Calculate -5 + (8 - 10) + (-2 - -6).
-3
What is the value of -4 + 4 + 0 - (0 - 0)?
0
-2 + -2 + 1 + 5
2
What is the value of (2 - (2 + 1)) + 5 + -6?
-2
Evaluate -5 + (13 - (4 - (4 + -5))).
3
(0 - 5) + (-2 - -5) + -3
-5
9 - 4 - 2 - 0
3
What is 7 + 7 + -19 + (3 - 9)?
-11
What is the value of 6 + 2 + -7 + 0 + 0?
1
Evaluate -5 + 1 - (0 - 4).
0
(-16 - (0 + -8)) + 13
5
Evaluate -16 - -11 - (-8 - -1).
2
What is (3 + -4 - 2) + 1?
-2
What is (1 + -7 - 1) + 6 + -1?
-2
(1 - -8) + -35 + 31
5
What is 3 + -1 - 0 - (-1 + 8)?
-5
What is the value of 0 + 7 + (16 - 21)?
2
What is the value of 0 + (1 + -5 - -2)?
-2
Calculate -10 + (1 - (-14 + 11)).
-6
What is 11 + (7 + -9 - 15)?
-6
What is the value of 1 - ((5 - 11) + 5 + 3)?
-1
What is the value of 5 - (6 + -1 + 8)?
-8
What is the value of 0 - -9 - (0 + 12)?
-3
Evaluate -9 - (-6 - (-2 + -2) - 2).
-5
Calculate -9 - (-1 + 4 + -7 + 0).
-5
What is 3 + (-2 - (1 - 5))?
5
-5 + (2 - 1) - -4
0
What is the value of (-8 - (-3 - 6)) + 1?
2
What is (0 + 2 - -1) + 43 + -44?
2
What is 10 + -2 + (-1 - -7 - 13)?
1
What is the value of (99 - 97) + (8 + -2 - 0)?
8
What is 11 + -2 + (-2 - 2) - 4?
1
What is 10 + -6 + (-1 - (2 + -2))?
3
What is -1 + 4 + 0 + -106 + 110?
7
3 - (-9 + 11 - -5)
-4
Calculate -1 - 2 - (43 - 48).
2
13 + -9 - (-1 - -10)
-5
What is 11 - (5 - (0 + -2))?
4
What is (-17 - (7 + -6)) + 12?
-6
Evaluate 5 + (-5 - 6) + 6.
0
(-39 - -47) + (0 - 1)
7
(-4 - (-1 + 0)) + (1 - 0)
-2
Evaluate 0 + -7 + (6 - -1).
0
Calculate -3 + (-4 - (-12 + 6)) + -4.
-5
What is the value of 7 + 23 + -24 + -4 + 2?
4
Calculate (1 - (-1 - 0)) + 55 + -54.
3
What is the value of -12 + 1 - 0 - -18?
7
0 - ((1 - (3 + -3)) + -6)
5
Evaluate (-55 - -56) + (-2 - 2).
-3
Evaluate -3 + (1 - -5) + -1.
2
0 + -1 - (-10 - (-12 + 6))
3
Calculate -1 + 4 + (-2 - (-24 + 17)).
8
What is 7 + (0 - (-10 + 7 + 1))?
9
(-3 + 5 - (4 + 5)) + 3
-4
Calculate 3 + (9 - 15) + 2.
-1
Calculate -1 - (-23 - (8 - 23)).
7
Calculate -6 - (4 + -4 + -4).
-2
What is 1 + 2 + -9 + 6?
0
Calculate 1 + 2 - (7 + 13 + -14).
-3
What is the value of (4 - 9) + 13 + -9?
-1
Calculate (-3 - 3) + 8 + 0 + -6.
-4
Evaluate -2 + (7 - 8 - -3).
0
Calculate 9 + (-3 - -10 - (7 + 7)).
2
Calculate (-9 - -13) + 4 - 9.
-1
What is the value of 2 + 2 + (-10 - -2)?
-4
What is -4 + (5 + 5 - 6)?
0
5 + (0 - (-10 - -14))
1
What is the value of -9 + 6 + 1 + -1 + 4?
1
Calculate 2 - (0 + 6 - 6 - -3).
-1
Calculate (-8 - -8) + 3 + (-8 - 0).
-5
What is the value of 1 + (-4 + 1 - (-4 + 6))?
-4
1 - 2 - (0 + (6 - 4))
-3
What is 0 + -4 + 4 - (5 + -2)?
-3
Calculate -10 - (2 + -8 - 7).
3
Evaluate -1 + -6 + -33 + 47 + -4.
3
What is -1 + (0 - 2) - (5 + -5)?
-3
Calculate 0 + -6 + -18 + 23.
-1
What is the value of 5 - 3 - -1 - -1?
4
What is 3 + -2 - ((1 - 0) + 2)?
-2
What is 49 + -51 + 3 + 0?
1
Evaluate 0 + (-6 - -1) + (10 - 7).
-2
What is the value of 2 + 4 + -3 + -2?
1
Calculate -2 + (6 - (3 + 6 + -5)).
0
Evaluate 3 + 5 + (3 - 16).
-5
What is the value of (11 - (10 + -2)) + 0 + 0?
3
Evaluate 3 + (0 - 1) + 1 + 0.
3
What is -8 + (11 + 6 - 5)?
4
What is -1 + 1 - (-7 + 8) - 1?
-2
Evaluate 2 + (5 - -1) - (-12 - -15).
5
Evaluate 26 - 20 - (2 - -12).
-8
Evaluate -2 + 5 + -10 + 8.
1
What is 2 - (8 + -4) - -3?
1
-37 + 43 + 0 + -12
-6
What is the value of -2 + 2 + (9 - 6)?
3
Calculate -14 + 10 + (-2 - 0).
-6
2 + -11 + 11 + 5
7
What is -1 + -1 - (1 - -1)?
-4
Evaluate 2 + 1 - 12 - -18.
9
Evaluate 4 + 5 + 2 + -14.
-3
What is -6 + 2 + -7 + 7?
-4
(-1 - -5) + (-8 - (9 + -17))
4
3 - (4 - (2 - 5 - -5))
1
What is (-4 - -8) + (-2 - 8)?
-6
Calculate -62 - -63 - (1 + -5).
5
What is the value of -3 + (-6 + 6 - (0 - 2))?
-1
(1 - -1) + -1 + -2 + -1
-2
What is (4 - 3 - 8) + 1 + 13?
7
Calculate -2 + (-5 - -6) - -6.
5
Evaluate 2 + -7 + 1 + -1 - -5.
0
Calculate -10 - -5 - -5 - (0 - -1).
-1
Calculate 10 + (6 + -12 - 1).
3
2 + -7 + 5 + (4 - 1)
3
Evaluate (-8 - (1 - 3)) + 6.
0
3 + -1 + -5 + 4
1
Evaluate -1 + (-2 + (-2 - -3) - 0).
-2
What is the value of 4 + 0 - (-6 + 6 - -6)?
-2
Evaluate 5 + (-4 - -5 - (14 + -3)).
-5
Calculate 4 + 3 + -10 + (-2 - -3).
-2
What is the value of (-6 - 6) + 8 - (0 - -2)?
-6
Calculate (-8 - (3 + -11)) + 3.
3
What is (11 - (-5 + 6)) + -4?
6
What is the value of 0 + 4 + 8 + -12 + -2?
-2
What is -3 - (0 - -4 - (1 - -2))?
-4
Calculate (12 - 12) + 0 + -1 + -1.
-2
Calculate -7 + 1 - (5 - 6).
-5
Calculate (-2 - 0) + -2 + 0 + 0.
-4
Calculate 1 + -1 - (1 + 3).
-4
Calculate -1 - (4 + -5 + -5).
5
(16 - 7) + (0 - 16)
-7
What is 53 + -52 - (0 - (0 - -2))?
3
11 + -4 + 3 + -12
-2
What is the value of -3 - ((0 - 5) + -11 + 5)?
8
(21 - 11) + -5 + -9
-4
Evaluate -8 + -4 - (-3 + 0).
-9
Evaluate 5 + 9 + (-13 - -1).
2
What is (8 - (15 - 1)) + 5?
-1
What is (-9 + 4 - -9) + 1 + -3?
2
Calculate (-4 - 0 - 4) + -2 + 4.
-6
What is 1 - (1 - 1 - 4)?
5
Evaluate (12 + -17 - -8) + -13.
-10
Evaluate 12 - ((-3 - 1 - 4) + 15).
5
Calculate -4 + (0 - 2) + 7.
1
Evaluate -24 + 4 + 5 - -7.
-8
Evaluate (-9 - -11 - 7) + 10.
5
Evaluate 1 + (-4 - -4 - (-7 - -3)).
5
Calculate -98 + 89 - (0 + -3).
-6
Evaluate -2 - -2 - 0 - (-4 + 1).
3
4 + 0 + (12 - 13) - 0
3
What is the value of 3 + 2 + (-4 - -3)?
4
Evaluate (0 - ((3 - 0) + -3)) + 0.
0
Evaluate -1 - 0 - (-3 - -2).
0
What is 4 + 1 + -3 + -8?
-6
Evaluate (3 - (-4 - 1)) + -1.
7
(3 - 7) + 6 + 2 - 0
4
2 - (2 + 2) - (8 - 9)
-1
(-4 - 1 - (-50 + 35)) + -6
4
Calculate (-4 - -3) + -11 + 13.
1
Calculate -2 + 4 + (-6 - 0).
-4
What is the value of -2 + (-3 + 7 - 0)?
2
Evaluate 19 + -4 + 14 + -22.
7
What is the value of 7 - (7 + (5 - (5 + -3)))?
-3
Calculate (-36 - -26) + -1 + 9.
-2
-7 - (-5 - (-3 - (-14 + 3)))
6
2 - ((0 - 7) + 30 + -14)
-7
Evaluate (1 - (7 - 10)) + (-3 - -1).
2
Calculate -14 - (11 - (6 + 9)).
-10
What is -5 - (-1 - (2 - (6 - 8)))?
0
Evaluate -8 + (1 + 0 + -5 - -7).
-5
Calculate -6 + 16 + -3 - (21 - 9).
-5
Calculate -22 - -7 - (-12 + 3).
-6
Calculate 15 + (3 - 13) - 7.
-2
Evaluate 5 + (1 - 3) - 4.
-1
Calculate (4 - 7) + 6 + -5.
-2
What is 13 - 13 - (-5 - -2)?
3
What is the value of 1 + -3 + (5 - 1)?
2
Evaluate 1 - (2 - (0 + 0)).
-1
6 + (-10 + 3 - 0)
-1
(-1 - -2) + -3 + 3 + -5
-4
4 + (-13 + 7 - -1)
-1
What is 6 + -6 + -15 - (-4 + -2)?
-9
What is the value of (8 + 2 + -2 - 12) + 13?
9
What is (-1 - 2) + (-27 + 13 - -10)?
-7
-5 - ((5 - 1) + (3 - 8))
-4
Calculate -10 - (-3 - 1) - -5 - 3.
-4
Evaluate -4 - (4 + 8 + -13).
-3
2 + -3 + 4 + (-3 - -2)
2
Calculate -25 - -29 - (7 + 0).
-3
What is -16 + 21 - (1 + (2 - 1))?
3
What is -5 + (3 + -6 - -4)?
-4
(13 + -2 - 1) + -7
3
Calculate (-5 - -1 - 0) + 0.
-4
Calculate -22 + (-6 - -20) + -1 + 7.
-2
Calculate (-8 - (4 - 25)) + -24.
-11
-3 + -1 + (1 - -1)
-2
What is the value of 12 + -2 + 1 + 0 + -5?
6
14 + -26 + (10 - (5 + -3))
-4
-6 - (-11 + 6) - 3 - 0
-4
What is -11 - (-3 - 2) - -10?
4
What is 0 + 15 + -7 + -2?
6
What is th